{"id":10401,"date":"2024-06-11T14:30:50","date_gmt":"2024-06-11T06:30:50","guid":{"rendered":"https:\/\/ipuregreen.org\/vegrun\/?page_id=10401"},"modified":"2024-06-11T14:32:42","modified_gmt":"2024-06-11T06:32:42","slug":"elementor-10401","status":"publish","type":"page","link":"https:\/\/ipuregreen.org\/vegrun\/pt\/elementor-10401\/","title":{"rendered":"Elementor #10401"},"content":{"rendered":"\t\t<div data-elementor-type=\"wp-page\" data-elementor-id=\"10401\" class=\"elementor elementor-10401\">\n\t\t\t\t<div class=\"elementor-element elementor-element-e1d518b e-flex e-con-boxed e-con e-parent\" data-id=\"e1d518b\" data-element_type=\"container\">\n\t\t\t\t\t<div class=\"e-con-inner\">\n\t\t<div class=\"elementor-element elementor-element-2208a9a e-flex e-con-boxed e-con e-child\" data-id=\"2208a9a\" data-element_type=\"container\">\n\t\t\t\t\t<div class=\"e-con-inner\">\n\t\t\t\t<div class=\"elementor-element elementor-element-94564b4 elementor-widget elementor-widget-heading\" data-id=\"94564b4\" data-element_type=\"widget\" data-widget_type=\"heading.default\">\n\t\t\t\t<div class=\"elementor-widget-container\">\n\t\t\t<style>\/*! elementor - v3.21.0 - 26-05-2024 *\/\n.elementor-heading-title{padding:0;margin:0;line-height:1}.elementor-widget-heading .elementor-heading-title[class*=elementor-size-]>a{color:inherit;font-size:inherit;line-height:inherit}.elementor-widget-heading .elementor-heading-title.elementor-size-small{font-size:15px}.elementor-widget-heading .elementor-heading-title.elementor-size-medium{font-size:19px}.elementor-widget-heading .elementor-heading-title.elementor-size-large{font-size:29px}.elementor-widget-heading .elementor-heading-title.elementor-size-xl{font-size:39px}.elementor-widget-heading .elementor-heading-title.elementor-size-xxl{font-size:59px}<\/style><h2 class=\"elementor-heading-title elementor-size-default\">Informa\u00e7\u00f5es sobre o torneio da Am\u00e9rica do Norte de 2024<\/h2>\t\t<\/div>\n\t\t\t\t<\/div>\n\t\t\t\t\t<\/div>\n\t\t\t\t<\/div>\n\t\t\t\t\t<\/div>\n\t\t\t\t<\/div>\n\t\t<div class=\"elementor-element elementor-element-d5153ac e-flex e-con-boxed e-con e-parent\" data-id=\"d5153ac\" data-element_type=\"container\">\n\t\t\t\t\t<div class=\"e-con-inner\">\n\t\t<div class=\"elementor-element elementor-element-200c7f7 e-flex e-con-boxed e-con e-child\" data-id=\"200c7f7\" data-element_type=\"container\">\n\t\t\t\t\t<div class=\"e-con-inner\">\n\t\t<div class=\"elementor-element elementor-element-5161d87 e-con-full e-flex e-con e-child\" data-id=\"5161d87\" data-element_type=\"container\">\n\t\t\t\t<div class=\"elementor-element elementor-element-7cee161 elementor-widget elementor-widget-image\" data-id=\"7cee161\" data-element_type=\"widget\" data-widget_type=\"image.default\">\n\t\t\t\t<div class=\"elementor-widget-container\">\n\t\t\t<style>\/*! elementor - v3.21.0 - 26-05-2024 *\/\n.elementor-widget-image{text-align:center}.elementor-widget-image a{display:inline-block}.elementor-widget-image a img[src$=\".svg\"]{width:48px}.elementor-widget-image img{vertical-align:middle;display:inline-block}<\/style>\t\t\t\t\t\t\t\t\t\t<img fetchpriority=\"high\" decoding=\"async\" width=\"1024\" height=\"561\" src=\"https:\/\/ipuregreen.org\/vegrun\/wp-content\/uploads\/2024\/06\/d11e90efc09e8e9e094cfdd7568fbb96-Vivian-1024x561.png\" class=\"attachment-large size-large wp-image-10267\" alt=\"\" srcset=\"https:\/\/ipuregreen.org\/vegrun\/wp-content\/uploads\/2024\/06\/d11e90efc09e8e9e094cfdd7568fbb96-Vivian-1024x561.png 1024w, https:\/\/ipuregreen.org\/vegrun\/wp-content\/uploads\/2024\/06\/d11e90efc09e8e9e094cfdd7568fbb96-Vivian-300x164.png 300w, https:\/\/ipuregreen.org\/vegrun\/wp-content\/uploads\/2024\/06\/d11e90efc09e8e9e094cfdd7568fbb96-Vivian-768x421.png 768w, https:\/\/ipuregreen.org\/vegrun\/wp-content\/uploads\/2024\/06\/d11e90efc09e8e9e094cfdd7568fbb96-Vivian-1536x842.png 1536w, https:\/\/ipuregreen.org\/vegrun\/wp-content\/uploads\/2024\/06\/d11e90efc09e8e9e094cfdd7568fbb96-Vivian-2048x1123.png 2048w, https:\/\/ipuregreen.org\/vegrun\/wp-content\/uploads\/2024\/06\/d11e90efc09e8e9e094cfdd7568fbb96-Vivian-600x329.png 600w\" sizes=\"(max-width: 1024px) 100vw, 1024px\" \/>\t\t\t\t\t\t\t\t\t\t\t\t\t<\/div>\n\t\t\t\t<\/div>\n\t\t\t\t<\/div>\n\t\t<div class=\"elementor-element elementor-element-675f169 e-con-full e-flex e-con e-child\" data-id=\"675f169\" data-element_type=\"container\">\n\t\t\t\t<div class=\"elementor-element elementor-element-e02ffbf elementor-widget elementor-widget-text-editor\" data-id=\"e02ffbf\" data-element_type=\"widget\" data-widget_type=\"text-editor.default\">\n\t\t\t\t<div class=\"elementor-widget-container\">\n\t\t\t<style>\/*! elementor - v3.21.0 - 26-05-2024 *\/\n.elementor-widget-text-editor.elementor-drop-cap-view-stacked .elementor-drop-cap{background-color:#69727d;color:#fff}.elementor-widget-text-editor.elementor-drop-cap-view-framed .elementor-drop-cap{color:#69727d;border:3px solid;background-color:transparent}.elementor-widget-text-editor:not(.elementor-drop-cap-view-default) .elementor-drop-cap{margin-top:8px}.elementor-widget-text-editor:not(.elementor-drop-cap-view-default) .elementor-drop-cap-letter{width:1em;height:1em}.elementor-widget-text-editor .elementor-drop-cap{float:left;text-align:center;line-height:1;font-size:50px}.elementor-widget-text-editor .elementor-drop-cap-letter{display:inline-block}<\/style>\t\t\t\t<p>Nome do evento: 2024 Ottawa Vegrun\uff5eVoc\u00ea corre, eu planto \u00e1rvores<br \/>Per\u00edodo da atividade: 2024\/06\/06\u20142024\/07\/06<br \/>Regi\u00e3o: Ottawa<\/p><p>&#8220;VEGRUN&#8221; em &#8220;VEGRUN Global Vegan Online Charity Run&#8221; \u00e9 a abreviatura de corrida vegana e corrida vegetariana, o que significa correr para a promo\u00e7\u00e3o da comida vegetariana e correr pela terra. &#8220;Fushi&#8221; \u00e9 um hom\u00f3fono de &#8220;reavivamento&#8221;, que significa despertar para restaurar a vitalidade. Participar na Vegetarian Road Run VEGRUN n\u00e3o s\u00f3 contribui para a caridade, mas tamb\u00e9m promove o vegetarianismo, retarda o aquecimento global e atinge objetivos de prote\u00e7\u00e3o ambiental. Convide amigos que amam esportes a usar o poder das massas para prestar aten\u00e7\u00e3o \u00e0s mudan\u00e7as clim\u00e1ticas e \u00e0s quest\u00f5es de prote\u00e7\u00e3o ambiental. Al\u00e9m dos esportes e do entretenimento, tamb\u00e9m podemos \u201camar os vegetais e deixar o amor fluir\u201d juntos e continuar a apoiar uns aos outros ininterruptamente. ! Voc\u00ea est\u00e1 convidado a participar de um m\u00eas de atividades de corrida\/caminhada, ou patrocinar o plantio de \u00e1rvores!! Voc\u00ea corre e eu planto uma \u00e1rvore a cada 20 quil\u00f4metros que voc\u00ea corre!<\/p>\t\t\t\t\t\t<\/div>\n\t\t\t\t<\/div>\n\t\t\t\t<div class=\"elementor-element elementor-element-5e6791b elementor-widget elementor-widget-button\" data-id=\"5e6791b\" data-element_type=\"widget\" data-widget_type=\"button.default\">\n\t\t\t\t<div class=\"elementor-widget-container\">\n\t\t\t\t\t<div class=\"elementor-button-wrapper\">\n\t\t\t<a class=\"elementor-button elementor-button-link elementor-size-sm\" href=\"https:\/\/ipuregreen.org\/vegrun\/?page_id=6536\">\n\t\t\t\t\t\t<span class=\"elementor-button-content-wrapper\">\n\t\t\t\t\t\t\t\t\t<span class=\"elementor-button-text\">Baixe o aplicativo VEGRUN<\/span>\n\t\t\t\t\t<\/span>\n\t\t\t\t\t<\/a>\n\t\t<\/div>\n\t\t\t\t<\/div>\n\t\t\t\t<\/div>\n\t\t\t\t<\/div>\n\t\t\t\t\t<\/div>\n\t\t\t\t<\/div>\n\t\t\t\t\t<\/div>\n\t\t\t\t<\/div>\n\t\t\t\t<\/div>\n\t\t","protected":false},"excerpt":{"rendered":"<p>Informa\u00e7\u00f5es sobre o torneio da Am\u00e9rica do Norte de 2024 [&hellip;]<\/p>\n","protected":false},"author":1,"featured_media":0,"parent":0,"menu_order":0,"comment_status":"closed","ping_status":"closed","template":"","meta":{"_regular_price":[],"currency_symbol":[],"footnotes":""},"post_slider_layout_featured_media_urls":{"thumbnail":"","post_slider_layout_landscape_large":"","post_slider_layout_portrait_large":"","post_slider_layout_square_large":"","post_slider_layout_landscape":"","post_slider_layout_portrait":"","post_slider_layout_square":"","full":""},"_links":{"self":[{"href":"https:\/\/ipuregreen.org\/vegrun\/wp-json\/wp\/v2\/pages\/10401"}],"collection":[{"href":"https:\/\/ipuregreen.org\/vegrun\/wp-json\/wp\/v2\/pages"}],"about":[{"href":"https:\/\/ipuregreen.org\/vegrun\/wp-json\/wp\/v2\/types\/page"}],"author":[{"embeddable":true,"href":"https:\/\/ipuregreen.org\/vegrun\/wp-json\/wp\/v2\/users\/1"}],"replies":[{"embeddable":true,"href":"https:\/\/ipuregreen.org\/vegrun\/wp-json\/wp\/v2\/comments?post=10401"}],"version-history":[{"count":4,"href":"https:\/\/ipuregreen.org\/vegrun\/wp-json\/wp\/v2\/pages\/10401\/revisions"}],"predecessor-version":[{"id":10405,"href":"https:\/\/ipuregreen.org\/vegrun\/wp-json\/wp\/v2\/pages\/10401\/revisions\/10405"}],"wp:attachment":[{"href":"https:\/\/ipuregreen.org\/vegrun\/wp-json\/wp\/v2\/media?parent=10401"}],"curies":[{"name":"wp","href":"https:\/\/api.w.org\/{rel}","templated":true}]}}