{"id":10420,"date":"2024-06-11T15:09:05","date_gmt":"2024-06-11T07:09:05","guid":{"rendered":"https:\/\/ipuregreen.org\/vegrun\/?page_id=10420"},"modified":"2024-06-11T15:10:44","modified_gmt":"2024-06-11T07:10:44","slug":"elementor-10420","status":"publish","type":"page","link":"https:\/\/ipuregreen.org\/vegrun\/es\/elementor-10420\/","title":{"rendered":"Elementor #10420"},"content":{"rendered":"\t\t<div data-elementor-type=\"wp-page\" data-elementor-id=\"10420\" class=\"elementor elementor-10420\">\n\t\t\t\t<div class=\"elementor-element elementor-element-e1d518b e-flex e-con-boxed e-con e-parent\" data-id=\"e1d518b\" data-element_type=\"container\">\n\t\t\t\t\t<div class=\"e-con-inner\">\n\t\t<div class=\"elementor-element elementor-element-2208a9a e-flex e-con-boxed e-con e-child\" data-id=\"2208a9a\" data-element_type=\"container\">\n\t\t\t\t\t<div class=\"e-con-inner\">\n\t\t\t\t<div class=\"elementor-element elementor-element-94564b4 elementor-widget elementor-widget-heading\" data-id=\"94564b4\" data-element_type=\"widget\" data-widget_type=\"heading.default\">\n\t\t\t\t<div class=\"elementor-widget-container\">\n\t\t\t<style>\/*! elementor - v3.21.0 - 26-05-2024 *\/\n.elementor-heading-title{padding:0;margin:0;line-height:1}.elementor-widget-heading .elementor-heading-title[class*=elementor-size-]>a{color:inherit;font-size:inherit;line-height:inherit}.elementor-widget-heading .elementor-heading-title.elementor-size-small{font-size:15px}.elementor-widget-heading .elementor-heading-title.elementor-size-medium{font-size:19px}.elementor-widget-heading .elementor-heading-title.elementor-size-large{font-size:29px}.elementor-widget-heading .elementor-heading-title.elementor-size-xl{font-size:39px}.elementor-widget-heading .elementor-heading-title.elementor-size-xxl{font-size:59px}<\/style><h2 class=\"elementor-heading-title elementor-size-default\">Informaci\u00f3n del Torneo de Norteam\u00e9rica 2024<\/h2>\t\t<\/div>\n\t\t\t\t<\/div>\n\t\t\t\t\t<\/div>\n\t\t\t\t<\/div>\n\t\t\t\t\t<\/div>\n\t\t\t\t<\/div>\n\t\t<div class=\"elementor-element elementor-element-d5153ac e-flex e-con-boxed e-con e-parent\" data-id=\"d5153ac\" data-element_type=\"container\">\n\t\t\t\t\t<div class=\"e-con-inner\">\n\t\t<div class=\"elementor-element elementor-element-200c7f7 e-flex e-con-boxed e-con e-child\" data-id=\"200c7f7\" data-element_type=\"container\">\n\t\t\t\t\t<div class=\"e-con-inner\">\n\t\t<div class=\"elementor-element elementor-element-5161d87 e-con-full e-flex e-con e-child\" data-id=\"5161d87\" data-element_type=\"container\">\n\t\t\t\t<div class=\"elementor-element elementor-element-7cee161 elementor-widget elementor-widget-image\" data-id=\"7cee161\" data-element_type=\"widget\" data-widget_type=\"image.default\">\n\t\t\t\t<div class=\"elementor-widget-container\">\n\t\t\t<style>\/*! elementor - v3.21.0 - 26-05-2024 *\/\n.elementor-widget-image{text-align:center}.elementor-widget-image a{display:inline-block}.elementor-widget-image a img[src$=\".svg\"]{width:48px}.elementor-widget-image img{vertical-align:middle;display:inline-block}<\/style>\t\t\t\t\t\t\t\t\t\t<img fetchpriority=\"high\" decoding=\"async\" width=\"1024\" height=\"561\" src=\"https:\/\/ipuregreen.org\/vegrun\/wp-content\/uploads\/2024\/06\/d11e90efc09e8e9e094cfdd7568fbb96-Vivian-1024x561.png\" class=\"attachment-large size-large wp-image-10267\" alt=\"\" srcset=\"https:\/\/ipuregreen.org\/vegrun\/wp-content\/uploads\/2024\/06\/d11e90efc09e8e9e094cfdd7568fbb96-Vivian-1024x561.png 1024w, https:\/\/ipuregreen.org\/vegrun\/wp-content\/uploads\/2024\/06\/d11e90efc09e8e9e094cfdd7568fbb96-Vivian-300x164.png 300w, https:\/\/ipuregreen.org\/vegrun\/wp-content\/uploads\/2024\/06\/d11e90efc09e8e9e094cfdd7568fbb96-Vivian-768x421.png 768w, https:\/\/ipuregreen.org\/vegrun\/wp-content\/uploads\/2024\/06\/d11e90efc09e8e9e094cfdd7568fbb96-Vivian-1536x842.png 1536w, https:\/\/ipuregreen.org\/vegrun\/wp-content\/uploads\/2024\/06\/d11e90efc09e8e9e094cfdd7568fbb96-Vivian-2048x1123.png 2048w, https:\/\/ipuregreen.org\/vegrun\/wp-content\/uploads\/2024\/06\/d11e90efc09e8e9e094cfdd7568fbb96-Vivian-600x329.png 600w\" sizes=\"(max-width: 1024px) 100vw, 1024px\" \/>\t\t\t\t\t\t\t\t\t\t\t\t\t<\/div>\n\t\t\t\t<\/div>\n\t\t\t\t<\/div>\n\t\t<div class=\"elementor-element elementor-element-675f169 e-con-full e-flex e-con e-child\" data-id=\"675f169\" data-element_type=\"container\">\n\t\t\t\t<div class=\"elementor-element elementor-element-e02ffbf elementor-widget elementor-widget-text-editor\" data-id=\"e02ffbf\" data-element_type=\"widget\" data-widget_type=\"text-editor.default\">\n\t\t\t\t<div class=\"elementor-widget-container\">\n\t\t\t<style>\/*! elementor - v3.21.0 - 26-05-2024 *\/\n.elementor-widget-text-editor.elementor-drop-cap-view-stacked .elementor-drop-cap{background-color:#69727d;color:#fff}.elementor-widget-text-editor.elementor-drop-cap-view-framed .elementor-drop-cap{color:#69727d;border:3px solid;background-color:transparent}.elementor-widget-text-editor:not(.elementor-drop-cap-view-default) .elementor-drop-cap{margin-top:8px}.elementor-widget-text-editor:not(.elementor-drop-cap-view-default) .elementor-drop-cap-letter{width:1em;height:1em}.elementor-widget-text-editor .elementor-drop-cap{float:left;text-align:center;line-height:1;font-size:50px}.elementor-widget-text-editor .elementor-drop-cap-letter{display:inline-block}<\/style>\t\t\t\t<p>Nombre del evento: 2024 Ottawa Vegrun \uff5eT\u00fa corres, yo planto \u00e1rboles<br \/>Tiempo de actividad: 2024\/06\/06\u20142024\/07\/06<br \/>Regi\u00f3n: Ottawa<\/p><p>&#8220;VEGRUN&#8221; en &#8220;VEGRUN Global Vegan Online Charity Run&#8221; es la abreviatura de carrera vegana y carrera vegetariana, que significa correr para la promoci\u00f3n de la comida vegetariana y correr por la tierra. &#8220;Fushi&#8221; es un hom\u00f3fono de &#8220;revival&#8221;, que significa despertar para restaurar la vitalidad. Participar en la Carrera Vegetariana VEGRUN no s\u00f3lo contribuye a la caridad, sino que tambi\u00e9n promueve el vegetarianismo, frena el calentamiento global y logra objetivos de protecci\u00f3n ambiental. Invite a amigos que aman los deportes a utilizar el poder de las masas para prestar atenci\u00f3n al cambio clim\u00e1tico y las cuestiones de protecci\u00f3n del medio ambiente. Adem\u00e1s de los deportes y el entretenimiento, tambi\u00e9n podemos &#8220;amar las verduras y dejar que el amor fluya&#8221; juntos y seguir apoy\u00e1ndonos mutuamente ininterrumpidamente. ! \u00a1\u00a1Est\u00e1s invitado a unirte a un mes de actividades de correr\/caminar, o patrocinar la plantaci\u00f3n de \u00e1rboles!! \u00a1T\u00fa corres y yo planto un \u00e1rbol cada 20 kil\u00f3metros que corres!<\/p>\t\t\t\t\t\t<\/div>\n\t\t\t\t<\/div>\n\t\t\t\t<div class=\"elementor-element elementor-element-5e6791b elementor-widget elementor-widget-button\" data-id=\"5e6791b\" data-element_type=\"widget\" data-widget_type=\"button.default\">\n\t\t\t\t<div class=\"elementor-widget-container\">\n\t\t\t\t\t<div class=\"elementor-button-wrapper\">\n\t\t\t<a class=\"elementor-button elementor-button-link elementor-size-sm\" href=\"https:\/\/ipuregreen.org\/vegrun\/?page_id=6536\">\n\t\t\t\t\t\t<span class=\"elementor-button-content-wrapper\">\n\t\t\t\t\t\t\t\t\t<span class=\"elementor-button-text\">Descarga la aplicaci\u00f3n VEGRUN<\/span>\n\t\t\t\t\t<\/span>\n\t\t\t\t\t<\/a>\n\t\t<\/div>\n\t\t\t\t<\/div>\n\t\t\t\t<\/div>\n\t\t\t\t<\/div>\n\t\t\t\t\t<\/div>\n\t\t\t\t<\/div>\n\t\t\t\t\t<\/div>\n\t\t\t\t<\/div>\n\t\t\t\t<\/div>\n\t\t","protected":false},"excerpt":{"rendered":"<p>Informaci\u00f3n del Torneo de Norteam\u00e9rica 2024 Nombre del  [&hellip;]<\/p>\n","protected":false},"author":1,"featured_media":0,"parent":0,"menu_order":0,"comment_status":"closed","ping_status":"closed","template":"","meta":{"_regular_price":[],"currency_symbol":[],"footnotes":""},"post_slider_layout_featured_media_urls":{"thumbnail":"","post_slider_layout_landscape_large":"","post_slider_layout_portrait_large":"","post_slider_layout_square_large":"","post_slider_layout_landscape":"","post_slider_layout_portrait":"","post_slider_layout_square":"","full":""},"_links":{"self":[{"href":"https:\/\/ipuregreen.org\/vegrun\/wp-json\/wp\/v2\/pages\/10420"}],"collection":[{"href":"https:\/\/ipuregreen.org\/vegrun\/wp-json\/wp\/v2\/pages"}],"about":[{"href":"https:\/\/ipuregreen.org\/vegrun\/wp-json\/wp\/v2\/types\/page"}],"author":[{"embeddable":true,"href":"https:\/\/ipuregreen.org\/vegrun\/wp-json\/wp\/v2\/users\/1"}],"replies":[{"embeddable":true,"href":"https:\/\/ipuregreen.org\/vegrun\/wp-json\/wp\/v2\/comments?post=10420"}],"version-history":[{"count":4,"href":"https:\/\/ipuregreen.org\/vegrun\/wp-json\/wp\/v2\/pages\/10420\/revisions"}],"predecessor-version":[{"id":10424,"href":"https:\/\/ipuregreen.org\/vegrun\/wp-json\/wp\/v2\/pages\/10420\/revisions\/10424"}],"wp:attachment":[{"href":"https:\/\/ipuregreen.org\/vegrun\/wp-json\/wp\/v2\/media?parent=10420"}],"curies":[{"name":"wp","href":"https:\/\/api.w.org\/{rel}","templated":true}]}}